{"version":"1.0","provider_name":"P4H Network","provider_url":"https:\/\/p4h.world\/es\/","title":"Burkina Faso: los FDS reciben atenci\u00f3n m\u00e9dica gratuita - P4H Network","type":"rich","width":600,"height":338,"html":"<blockquote class=\"wp-embedded-content\" data-secret=\"XNZtyeiPQs\"><a href=\"https:\/\/p4h.world\/es\/news\/burkina-faso-los-fds-reciben-atencion-medica-gratuita\/\">Burkina Faso: los FDS reciben atenci\u00f3n m\u00e9dica gratuita<\/a><\/blockquote><iframe sandbox=\"allow-scripts\" security=\"restricted\" src=\"https:\/\/p4h.world\/es\/news\/burkina-faso-los-fds-reciben-atencion-medica-gratuita\/embed\/#?secret=XNZtyeiPQs\" width=\"600\" height=\"338\" title=\"&#8220;Burkina Faso: los FDS reciben atenci\u00f3n m\u00e9dica gratuita&#8221; &#8212; P4H Network\" data-secret=\"XNZtyeiPQs\" frameborder=\"0\" marginwidth=\"0\" marginheight=\"0\" scrolling=\"no\" class=\"wp-embedded-content\"><\/iframe><script type=\"text\/javascript\">\n\/*! This file is auto-generated *\/\n!function(c,d){\"use strict\";var e=!1,o=!1;if(d.querySelector)if(c.addEventListener)e=!0;if(c.wp=c.wp||{},c.wp.receiveEmbedMessage);else if(c.wp.receiveEmbedMessage=function(e){var t=e.data;if(!t);else if(!(t.secret||t.message||t.value));else if(\/[^a-zA-Z0-9]\/.test(t.secret));else{for(var r,s,a,i=d.querySelectorAll('iframe[data-secret=\"'+t.secret+'\"]'),n=d.querySelectorAll('blockquote[data-secret=\"'+t.secret+'\"]'),o=new RegExp(\"^https?:$\",\"i\"),l=0;l<n.length;l++)n[l].style.display=\"none\";for(l=0;l<i.length;l++)if(r=i[l],e.source!==r.contentWindow);else{if(r.removeAttribute(\"style\"),\"height\"===t.message){if(1e3<(s=parseInt(t.value,10)))s=1e3;else if(~~s<200)s=200;r.height=s}if(\"link\"===t.message)if(s=d.createElement(\"a\"),a=d.createElement(\"a\"),s.href=r.getAttribute(\"src\"),a.href=t.value,!o.test(a.protocol));else if(a.host===s.host)if(d.activeElement===r)c.top.location.href=t.value}}},e)c.addEventListener(\"message\",c.wp.receiveEmbedMessage,!1),d.addEventListener(\"DOMContentLoaded\",t,!1),c.addEventListener(\"load\",t,!1);function t(){if(o);else{o=!0;for(var e,t,r,s=-1!==navigator.appVersion.indexOf(\"MSIE 10\"),a=!!navigator.userAgent.match(\/Trident.*rv:11\\.\/),i=d.querySelectorAll(\"iframe.wp-embedded-content\"),n=0;n<i.length;n++){if(!(r=(t=i[n]).getAttribute(\"data-secret\")))r=Math.random().toString(36).substr(2,10),t.src+=\"#?secret=\"+r,t.setAttribute(\"data-secret\",r);if(s||a)(e=t.cloneNode(!0)).removeAttribute(\"security\"),t.parentNode.replaceChild(e,t);t.contentWindow.postMessage({message:\"ready\",secret:r},\"*\")}}}}(window,document);\n<\/script>\n","thumbnail_url":"https:\/\/p4h.world\/app\/uploads\/2023\/03\/Prise20en20charge20FDS-Burkina.jpeg","thumbnail_width":906,"thumbnail_height":1280,"description":"Desde hace varios a\u00f1os, Burkina Faso se enfrenta a una crisis de seguridad sin precedentes. El jueves 01 de septiembre de 2022, el pa\u00eds conmemor\u00f3 el D\u00eda Internacional en Recuerdo de las V\u00edctimas del Terrorismo, instituido en agosto de 2017 por la Asamblea General de las Naciones Unidas. En la misma ocasi\u00f3n, el gobierno rindi\u00f3..."}

Burkina Faso: los FDS reciben atención médica gratuita - P4H Network

<blockquote class="wp-embedded-content" data-secret="XNZtyeiPQs"><a href="https://p4h.world/es/news/burkina-faso-los-fds-reciben-atencion-medica-gratuita/">Burkina Faso: los FDS reciben atención médica gratuita</a></blockquote><iframe sandbox="allow-scripts" security="restricted" src="https://p4h.world/es/news/burkina-faso-los-fds-reciben-atencion-medica-gratuita/embed/#?secret=XNZtyeiPQs" width="600" height="338" title="&#8220;Burkina Faso: los FDS reciben atención médica gratuita&#8221; &#8212; P4H Network" data-secret="XNZtyeiPQs" frameborder="0" marginwidth="0" marginheight="0" scrolling="no" class="wp-embedded-content"></iframe><script type="text/javascript">
/*! This file is auto-generated */
!function(c,d){"use strict";var e=!1,o=!1;if(d.querySelector)if(c.addEventListener)e=!0;if(c.wp=c.wp||{},c.wp.receiveEmbedMessage);else if(c.wp.receiveEmbedMessage=function(e){var t=e.data;if(!t);else if(!(t.secret||t.message||t.value));else if(/[^a-zA-Z0-9]/.test(t.secret));else{for(var r,s,a,i=d.querySelectorAll('iframe[data-secret="'+t.secret+'"]'),n=d.querySelectorAll('blockquote[data-secret="'+t.secret+'"]'),o=new RegExp("^https?:$","i"),l=0;l<n.length;l++)n[l].style.display="none";for(l=0;l<i.length;l++)if(r=i[l],e.source!==r.contentWindow);else{if(r.removeAttribute("style"),"height"===t.message){if(1e3<(s=parseInt(t.value,10)))s=1e3;else if(~~s<200)s=200;r.height=s}if("link"===t.message)if(s=d.createElement("a"),a=d.createElement("a"),s.href=r.getAttribute("src"),a.href=t.value,!o.test(a.protocol));else if(a.host===s.host)if(d.activeElement===r)c.top.location.href=t.value}}},e)c.addEventListener("message",c.wp.receiveEmbedMessage,!1),d.addEventListener("DOMContentLoaded",t,!1),c.addEventListener("load",t,!1);function t(){if(o);else{o=!0;for(var e,t,r,s=-1!==navigator.appVersion.indexOf("MSIE 10"),a=!!navigator.userAgent.match(/Trident.*rv:11\./),i=d.querySelectorAll("iframe.wp-embedded-content"),n=0;n<i.length;n++){if(!(r=(t=i[n]).getAttribute("data-secret")))r=Math.random().toString(36).substr(2,10),t.src+="#?secret="+r,t.setAttribute("data-secret",r);if(s||a)(e=t.cloneNode(!0)).removeAttribute("security"),t.parentNode.replaceChild(e,t);t.contentWindow.postMessage({message:"ready",secret:r},"*")}}}}(window,document);
</script>

Desde hace varios años, Burkina Faso se enfrenta a una crisis de seguridad sin precedentes. El jueves 01 de septiembre de 2022, el país conmemoró el Día Internacional en Recuerdo de las Víctimas del Terrorismo, instituido en agosto de 2017 por la Asamblea General de las Naciones Unidas. En la misma ocasión, el gobierno rindió...
