{"id":987629514,"date":"2023-02-03T08:19:58","date_gmt":"2023-02-03T07:19:58","guid":{"rendered":"https:\/\/p4h.world\/countries\/san-vicente-y-las-granadinas\/"},"modified":"2025-05-03T15:15:02","modified_gmt":"2025-05-03T14:15:02","slug":"san-vicente-y-las-granadinas","status":"publish","type":"country","link":"https:\/\/p4h.world\/es\/countries\/san-vicente-y-las-granadinas\/","title":{"rendered":"San Vicente y las Granadinas"},"content":{"rendered":"<p>[et_pb_section fb_built=&#8221;1&#8243; admin_label=&#8221;!! PLEASE DO NOT EDIT !!!&#8221; _builder_version=&#8221;4.19.5&#8243; _module_preset=&#8221;default&#8221; global_colors_info=&#8221;{}&#8221;][et_pb_row use_custom_gutter=&#8221;on&#8221; gutter_width=&#8221;1&#8243; admin_label=&#8221;\u00a1\u00a1\u00a1!!! \u00a1\u00a1\u00a1POR FAVOR NO EDITAR !!! &#8221; _builder_version=&#8221;4.20.4&#8243; _module_preset=&#8221;default&#8221; global_colors_info=&#8221;{}&#8221;][et_pb_column type=&#8221;4_4&#8243; _builder_version=&#8221;4.19.5&#8243; _module_preset=&#8221;default&#8221; global_colors_info=&#8221;{}&#8221;][et_pb_text admin_label=&#8221;TEXT &#8211; BLOCK 1&#8243; _builder_version=&#8221;4.21.0&#8243; _module_preset=&#8221;default&#8221; custom_padding=&#8221;||1em||false|false&#8221; global_colors_info=&#8221;{}&#8221;]<\/p>\n<p>San Vicente y las Granadinas comprende tres peque\u00f1as islas y cayos del Caribe y tiene una poblaci\u00f3n de 104.300 habitantes.<sup><a href=\"#1\">[1]<\/a><\/sup> El <a href=\"https:\/\/health.gov.vc\/health\/\">Ministerio de Sanidad, Bienestar y Medio <\/a>Ambiente es responsable de la gesti\u00f3n del sistema sanitario, que es una amalgama de los sectores sanitario p\u00fablico y privado. Se aplican tarifas est\u00e1ndar de usuario a una cesta de servicios, aunque estas tarifas est\u00e1n exentas para los menores de 18 a\u00f1os o los mayores de 60. <a href=\"https:\/\/p4h.world\/es\/documents\/la-ley-nacional-de-seguros-de-1986\/\">La Ley Nacional de Seguros<\/a>, introducida en 1986, estableci\u00f3 los <a href=\"https:\/\/www.nissvg.org\/\">Servicios Nacionales de Seguros<\/a>, que inicialmente ofrec\u00edan prestaciones sanitarias limitadas que se ampliaron a enfermedad y maternidad en 1994. <\/p>\n<p>[\/et_pb_text][ba_gradient_heading title=&#8221;La financiaci\u00f3n de la sanidad depende en gran medida de los fondos p\u00fablicos y del PSO&#8221; html_tag=&#8221;h3&#8243; primary_color=&#8221;#455A64&#8243; secondary_color=&#8221;#455A64&#8243; admin_label=&#8221;HEADING (50-60 characters)&#8221; _builder_version=&#8221;4.21.0&#8243; _module_preset=&#8221;default&#8221; title_font=&#8221;||||||||&#8221; title_font_size=&#8221;26px&#8221; title_line_height=&#8221;1em&#8221; custom_padding=&#8221;||10px||false|false&#8221; hover_enabled=&#8221;0&#8243; global_colors_info=&#8221;{}&#8221; sticky_enabled=&#8221;0&#8243;][\/ba_gradient_heading][et_pb_text admin_label=&#8221;TEXT &#8211; BLOCK 2 &#8221; _builder_version=&#8221;4.21.0&#8243; _module_preset=&#8221;default&#8221; custom_padding=&#8221;||1em||false|false&#8221; global_colors_info=&#8221;{}&#8221;]En 2021, el gasto p\u00fablico en sanidad en San Vicente y las Granadinas representar\u00e1 <a href=\"https:\/\/hia.paho.org\/en\/country-profiles\/saint-vincent-and-the-grenadines\">el 3,63% del PIB<\/a>, por debajo del 6% recomendado por la Organizaci\u00f3n Panamericana de la Salud. Sin embargo, el gasto sanitario general del gobierno (GGHE) es la mayor parte de la financiaci\u00f3n sanitaria, ya que comprende el 67,7% del gasto sanitario corriente (CHE) en 2021.<sup><a href=\"#2\">[2]<\/a><\/sup> Ese mismo a\u00f1o, el gasto de bolsillo constitu\u00eda el 26,2% del CHE, y el GGHE el 9,6% del gasto p\u00fablico general, lo que refleja la prioridad concedida a la salud [1].<sup><a href=\"#1\">[1]<\/a><\/sup>[\/et_pb_text][ba_gradient_heading title=&#8221;El camino a seguir&#8221; html_tag=&#8221;h3&#8243; primary_color=&#8221;#455A64&#8243; secondary_color=&#8221;#455A64&#8243; admin_label=&#8221; HEADING (50-60 characters)&#8221; _builder_version=&#8221;4.21.0&#8243; _module_preset=&#8221;default&#8221; title_font=&#8221;||||||||&#8221; title_font_size=&#8221;26px&#8221; title_line_height=&#8221;1em&#8221; custom_padding=&#8221;||10px||false|false&#8221; hover_enabled=&#8221;0&#8243; global_colors_info=&#8221;{}&#8221; sticky_enabled=&#8221;0&#8243;][\/ba_gradient_heading][et_pb_text admin_label=&#8221;TEXT &#8211; BLOCK 3&#8243; _builder_version=&#8221;4.21.0&#8243; _module_preset=&#8221;default&#8221; custom_padding=&#8221;||1em||false|false&#8221; global_colors_info=&#8221;{}&#8221;]<\/p>\n<p>El gobierno de San Vicente y las Granadinas se est\u00e1 centrando en la financiaci\u00f3n de la atenci\u00f3n primaria para garantizar la asistencia sanitaria a la poblaci\u00f3n. Tambi\u00e9n se reconoce la importancia de los determinantes de la salud con inversiones en educaci\u00f3n, formaci\u00f3n y pol\u00edticas. Est\u00e1 prevista una <a href=\"https:\/\/documents1.worldbank.org\/curated\/en\/107971659637418302\/pdf\/St-Vincent-and-the-Grenadines-Strengthening-Health-System-Resilience-Project.pdf\">revisi\u00f3n del gasto p\u00fablico<\/a> que siente las bases para mejorar el gasto p\u00fablico en sanidad y reforzar la protecci\u00f3n financiera. Adem\u00e1s, un <a href=\"https:\/\/www.observatoriorh.org\/sites\/default\/files\/draft_vct_national_health_policy_7-13-23_1.pdf\">borrador de la Pol\u00edtica Sanitaria Nacional (2023-2030)<\/a> es la base de las consultas en curso. La pol\u00edtica pretende orientar la futura planificaci\u00f3n estrat\u00e9gica y operativa a todos los niveles del sistema nacional de salud.    <\/p>\n<p>[\/et_pb_text][et_pb_text admin_label=&#8221;TEXT &#8211; BLOCK 9 &#8211; Footnotes&#8221; _builder_version=&#8221;4.21.0&#8243; _module_preset=&#8221;default&#8221; text_font_size=&#8221;13px&#8221; custom_margin=&#8221;20px||||false|false&#8221; custom_padding=&#8221;||||false|false&#8221; custom_css_main_element=&#8221;a{color:#4c7e96 }&#8221; global_colors_info=&#8221;{}&#8221;]<strong>Referencias<\/strong><\/p>\n<p><span style=\"font-weight: 400;\">[<span id=\"1\">1]<\/span> Organizaci\u00f3n Mundial de la Salud, Base de datos del gasto sanitario mundial, <a href=\"https:\/\/apps.who.int\/nha\/database\/Select\/Indicators\/en\">Indicadores y datos<\/a> (elegir pa\u00eds) <\/span><\/p>\n<p><span style=\"font-weight: 400;\">[<span id=\"2\">2]<\/span> Organizaci\u00f3n Mundial de la Salud, Base de datos del gasto sanitario mundial, <a href=\"https:\/\/apps.who.int\/nha\/database\/country_profile\/Index\/en\">Perfil del gasto sanitario<\/a> (elige pa\u00eds) <\/span>[\/et_pb_text][\/et_pb_column][\/et_pb_row][\/et_pb_section]<\/p>\n","protected":false},"excerpt":{"rendered":"<p>San Vicente y las Granadinas comprende tres peque\u00f1as islas y cayos del Caribe y tiene una poblaci\u00f3n de 104.300 habitantes.[1] El Ministerio de Sanidad, Bienestar y Medio Ambiente es responsable de la gesti\u00f3n del sistema sanitario, que es una amalgama de los sectores sanitario p\u00fablico y privado. Se aplican tarifas est\u00e1ndar de usuario a una&#8230;<\/p>\n","protected":false},"author":1,"featured_media":987573458,"template":"","meta":{"_et_pb_use_builder":"on","_et_pb_old_content":"","_et_gb_content_width":""},"acf":[],"_links":{"self":[{"href":"https:\/\/p4h.world\/es\/wp-json\/wp\/v2\/country\/987629514"}],"collection":[{"href":"https:\/\/p4h.world\/es\/wp-json\/wp\/v2\/country"}],"about":[{"href":"https:\/\/p4h.world\/es\/wp-json\/wp\/v2\/types\/country"}],"author":[{"embeddable":true,"href":"https:\/\/p4h.world\/es\/wp-json\/wp\/v2\/users\/1"}],"version-history":[{"count":15,"href":"https:\/\/p4h.world\/es\/wp-json\/wp\/v2\/country\/987629514\/revisions"}],"predecessor-version":[{"id":987769994,"href":"https:\/\/p4h.world\/es\/wp-json\/wp\/v2\/country\/987629514\/revisions\/987769994"}],"wp:featuredmedia":[{"embeddable":true,"href":"https:\/\/p4h.world\/es\/wp-json\/wp\/v2\/media\/987573458"}],"wp:attachment":[{"href":"https:\/\/p4h.world\/es\/wp-json\/wp\/v2\/media?parent=987629514"}],"curies":[{"name":"wp","href":"https:\/\/api.w.org\/{rel}","templated":true}]}}

<p>[et_pb_section fb_built=&#8221;1&#8243; admin_label=&#8221;!! PLEASE DO NOT EDIT !!!&#8221; _builder_version=&#8221;4.19.5&#8243; _module_preset=&#8221;default&#8221; global_colors_info=&#8221;{}&#8221;][et_pb_row use_custom_gutter=&#8221;on&#8221; gutter_width=&#8221;1&#8243; admin_label=&#8221;¡¡¡!!! ¡¡¡POR FAVOR NO EDITAR !!! &#8221; _builder_version=&#8221;4.20.4&#8243; _module_preset=&#8221;default&#8221; global_colors_info=&#8221;{}&#8221;][et_pb_column type=&#8221;4_4&#8243; _builder_version=&#8221;4.19.5&#8243; _module_preset=&#8221;default&#8221; global_colors_info=&#8221;{}&#8221;][et_pb_text admin_label=&#8221;TEXT &#8211; BLOCK 1&#8243; _builder_version=&#8221;4.21.0&#8243; _module_preset=&#8221;default&#8221; custom_padding=&#8221;||1em||false|false&#8221; global_colors_info=&#8221;{}&#8221;]</p>
<p>San Vicente y las Granadinas comprende tres pequeñas islas y cayos del Caribe y tiene una población de 104.300 habitantes.<sup><a href="#1">[1]</a></sup> El <a href="https://health.gov.vc/health/">Ministerio de Sanidad, Bienestar y Medio </a>Ambiente es responsable de la gestión del sistema sanitario, que es una amalgama de los sectores sanitario público y privado. Se aplican tarifas estándar de usuario a una cesta de servicios, aunque estas tarifas están exentas para los menores de 18 años o los mayores de 60. <a href="https://p4h.world/es/documents/la-ley-nacional-de-seguros-de-1986/">La Ley Nacional de Seguros</a>, introducida en 1986, estableció los <a href="https://www.nissvg.org/">Servicios Nacionales de Seguros</a>, que inicialmente ofrecían prestaciones sanitarias limitadas que se ampliaron a enfermedad y maternidad en 1994. </p>
<p>[/et_pb_text][ba_gradient_heading title=&#8221;La financiación de la sanidad depende en gran medida de los fondos públicos y del PSO&#8221; html_tag=&#8221;h3&#8243; primary_color=&#8221;#455A64&#8243; secondary_color=&#8221;#455A64&#8243; admin_label=&#8221;HEADING (50-60 characters)&#8221; _builder_version=&#8221;4.21.0&#8243; _module_preset=&#8221;default&#8221; title_font=&#8221;||||||||&#8221; title_font_size=&#8221;26px&#8221; title_line_height=&#8221;1em&#8221; custom_padding=&#8221;||10px||false|false&#8221; hover_enabled=&#8221;0&#8243; global_colors_info=&#8221;{}&#8221; sticky_enabled=&#8221;0&#8243;][/ba_gradient_heading][et_pb_text admin_label=&#8221;TEXT &#8211; BLOCK 2 &#8221; _builder_version=&#8221;4.21.0&#8243; _module_preset=&#8221;default&#8221; custom_padding=&#8221;||1em||false|false&#8221; global_colors_info=&#8221;{}&#8221;]En 2021, el gasto público en sanidad en San Vicente y las Granadinas representará <a href="https://hia.paho.org/en/country-profiles/saint-vincent-and-the-grenadines">el 3,63% del PIB</a>, por debajo del 6% recomendado por la Organización Panamericana de la Salud. Sin embargo, el gasto sanitario general del gobierno (GGHE) es la mayor parte de la financiación sanitaria, ya que comprende el 67,7% del gasto sanitario corriente (CHE) en 2021.<sup><a href="#2">[2]</a></sup> Ese mismo año, el gasto de bolsillo constituía el 26,2% del CHE, y el GGHE el 9,6% del gasto público general, lo que refleja la prioridad concedida a la salud [1].<sup><a href="#1">[1]</a></sup>[/et_pb_text][ba_gradient_heading title=&#8221;El camino a seguir&#8221; html_tag=&#8221;h3&#8243; primary_color=&#8221;#455A64&#8243; secondary_color=&#8221;#455A64&#8243; admin_label=&#8221; HEADING (50-60 characters)&#8221; _builder_version=&#8221;4.21.0&#8243; _module_preset=&#8221;default&#8221; title_font=&#8221;||||||||&#8221; title_font_size=&#8221;26px&#8221; title_line_height=&#8221;1em&#8221; custom_padding=&#8221;||10px||false|false&#8221; hover_enabled=&#8221;0&#8243; global_colors_info=&#8221;{}&#8221; sticky_enabled=&#8221;0&#8243;][/ba_gradient_heading][et_pb_text admin_label=&#8221;TEXT &#8211; BLOCK 3&#8243; _builder_version=&#8221;4.21.0&#8243; _module_preset=&#8221;default&#8221; custom_padding=&#8221;||1em||false|false&#8221; global_colors_info=&#8221;{}&#8221;]</p>
<p>El gobierno de San Vicente y las Granadinas se está centrando en la financiación de la atención primaria para garantizar la asistencia sanitaria a la población. También se reconoce la importancia de los determinantes de la salud con inversiones en educación, formación y políticas. Está prevista una <a href="https://documents1.worldbank.org/curated/en/107971659637418302/pdf/St-Vincent-and-the-Grenadines-Strengthening-Health-System-Resilience-Project.pdf">revisión del gasto público</a> que siente las bases para mejorar el gasto público en sanidad y reforzar la protección financiera. Además, un <a href="https://www.observatoriorh.org/sites/default/files/draft_vct_national_health_policy_7-13-23_1.pdf">borrador de la Política Sanitaria Nacional (2023-2030)</a> es la base de las consultas en curso. La política pretende orientar la futura planificación estratégica y operativa a todos los niveles del sistema nacional de salud.    </p>
<p>[/et_pb_text][et_pb_text admin_label=&#8221;TEXT &#8211; BLOCK 9 &#8211; Footnotes&#8221; _builder_version=&#8221;4.21.0&#8243; _module_preset=&#8221;default&#8221; text_font_size=&#8221;13px&#8221; custom_margin=&#8221;20px||||false|false&#8221; custom_padding=&#8221;||||false|false&#8221; custom_css_main_element=&#8221;a{color:#4c7e96 }&#8221; global_colors_info=&#8221;{}&#8221;]<strong>Referencias</strong></p>
<p><span style="font-weight: 400;">[<span id="1">1]</span> Organización Mundial de la Salud, Base de datos del gasto sanitario mundial, <a href="https://apps.who.int/nha/database/Select/Indicators/en">Indicadores y datos</a> (elegir país) </span></p>
<p><span style="font-weight: 400;">[<span id="2">2]</span> Organización Mundial de la Salud, Base de datos del gasto sanitario mundial, <a href="https://apps.who.int/nha/database/country_profile/Index/en">Perfil del gasto sanitario</a> (elige país) </span>[/et_pb_text][/et_pb_column][/et_pb_row][/et_pb_section]</p>

<p>San Vicente y las Granadinas comprende tres pequeñas islas y cayos del Caribe y tiene una población de 104.300 habitantes.[1] El Ministerio de Sanidad, Bienestar y Medio Ambiente es responsable de la gestión del sistema sanitario, que es una amalgama de los sectores sanitario público y privado. Se aplican tarifas estándar de usuario a una&#8230;</p>
