{"id":987629554,"date":"2023-02-03T08:19:47","date_gmt":"2023-02-03T07:19:47","guid":{"rendered":"https:\/\/p4h.world\/countries\/peru\/"},"modified":"2025-07-17T15:31:30","modified_gmt":"2025-07-17T14:31:30","slug":"peru","status":"publish","type":"country","link":"https:\/\/p4h.world\/es\/countries\/peru\/","title":{"rendered":"Per\u00fa"},"content":{"rendered":"<p>[et_pb_section fb_built=&#8221;1&#8243; admin_label=&#8221;!! PLEASE DO NOT EDIT !!!&#8221; _builder_version=&#8221;4.19.5&#8243; _module_preset=&#8221;default&#8221; global_colors_info=&#8221;{}&#8221;][et_pb_row use_custom_gutter=&#8221;on&#8221; gutter_width=&#8221;1&#8243; admin_label=&#8221;\u00a1\u00a1\u00a1\u00a1!!!! \u00a1\u00a1\u00a1\u00a1POR FAVOR, NO EDITES !!!!&#8221; _builder_version=&#8221;4.20.4&#8243; _module_preset=&#8221;default&#8221; global_colors_info=&#8221;{}&#8221;][et_pb_column type=&#8221;4_4&#8243; _builder_version=&#8221;4.19.5&#8243; _module_preset=&#8221;default&#8221; global_colors_info=&#8221;{}&#8221;][et_pb_text admin_label=&#8221;TEXT &#8211; BLOCK 1&#8243; _builder_version=&#8221;4.21.0&#8243; _module_preset=&#8221;default&#8221; custom_padding=&#8221;||1em||false|false&#8221; hover_enabled=&#8221;0&#8243; global_colors_info=&#8221;{}&#8221; sticky_enabled=&#8221;0&#8243;]<\/p>\n<p><span style=\"font-weight: 400;\">El subsector p\u00fablico est\u00e1 a cargo de la mayor\u00eda de la poblaci\u00f3n peruana afiliada a una cobertura social del gasto en salud, con dos instituciones administradoras de fondos de aseguramiento en salud:<\/span> el Seguro Integral de Salud (SIS) creado en 2002 con un r\u00e9gimen subsidiado, y el Seguro Social de Salud con un r\u00e9gimen contributivo.<sup><a href=\"#1\">[1]<\/a><\/sup> <span style=\"font-weight: 400;\">El Gobierno ofrece servicios de salud a la poblacio\u0301n no asegurada a cambio del pago de una cuota de recuperaci\u00f3n de montos variables, a trav\u00e9s del SIS que subsidia la provisi\u00f3n de servicios a la poblacio\u0301n en situaci\u00f3n de pobreza.\u00a0<\/span><\/p>\n<p>[\/et_pb_text][et_pb_text admin_label=&#8221;TEXT &#8211; BLOCK 2&#8243; _builder_version=&#8221;4.21.0&#8243; _module_preset=&#8221;default&#8221; hover_enabled=&#8221;0&#8243; global_colors_info=&#8221;{}&#8221; sticky_enabled=&#8221;0&#8243;]<\/p>\n<p><span style=\"font-weight: 400;\">La prestaci\u00f3n de servicios, tanto para el r\u00e9gimen subsidiado de poblacio\u0301n abierta como para la poblacio\u0301n afiliada al SIS, se realiza mediante la red de establecimientos de los Gobiernos regionales y del Ministerio de Salud<\/span><span style=\"font-weight: 400;\">. <\/span><span style=\"font-weight: 400;\">El gasto total en salud para 2019 fue de $US 13.083 millones. El Per\u00fa a\u00fan est\u00e1 por debajo de los est\u00e1ndares de la OMS ya que su gasto p\u00fablico en salud para 2019 era igual a 3.3% del producto bruto interno (menor al 6% recomendado) y el gasto de bolsillo representaba el 28.1% del gasto total en salud<\/span><span style=\"font-weight: 400;\"> (superior al rango del 15 a 20% sugerido). \u00a0<\/span><span style=\"font-weight: 400;\">\u00a0<\/span><\/p>\n<p>[\/et_pb_text][ba_gradient_heading title=&#8221;Avanzar hacia el acceso sanitario universal&#8221; html_tag=&#8221;h3&#8243; primary_color=&#8221;#455A64&#8243; secondary_color=&#8221;#455A64&#8243; admin_label=&#8221;HEADING (50-60 characters)&#8221; _builder_version=&#8221;4.21.0&#8243; _module_preset=&#8221;default&#8221; title_font=&#8221;||||||||&#8221; title_font_size=&#8221;24px&#8221; title_line_height=&#8221;1em&#8221; custom_padding=&#8221;15px||10px||false|false&#8221; global_colors_info=&#8221;{}&#8221;][\/ba_gradient_heading][et_pb_text admin_label=&#8221;TEXT &#8211; BLOCK 3&#8243; _builder_version=&#8221;4.21.0&#8243; _module_preset=&#8221;default&#8221; custom_padding=&#8221;||1em||false|false&#8221; hover_enabled=&#8221;0&#8243; global_colors_info=&#8221;{}&#8221; sticky_enabled=&#8221;0&#8243;]<\/p>\n<p><span style=\"font-weight: 400;\">La decisi\u00f3n pol\u00edtica de avanzar hacia el aseguramiento universal comenz\u00f3 en 2002 cuando representantes de organizaciones pol\u00edticas, religiosas, de la sociedad civil y del Gobierno firman un acuerdo nacional. En 2005 se firm\u00f3 el Acuerdo de Partidos Pol\u00edticos en Salud, y en 2007 el Plan Nacional Concertado de Salud del Ministerio de Salud. En 2008 se constituy\u00f3\u0301 la Comisi\u00f3n Multisectorial con el objeto de proponer los mecanismos necesarios para consolidar un sistema nacional de salud y garantizar el aseguramiento universal. Esta comisi\u00f3n elaboro\u0301 un proyecto que luego de diversos debates se convirti\u00f3 en ley<\/span>.<sup><a href=\"#1\">[1]<\/a><\/sup> <span style=\"font-weight: 400;\">El a\u00f1o 2009 se promulga la<\/span> Ley Marco del Aseguramiento Universal en Salud; y en 2013, <span style=\"font-weight: 400;\">se aprueban 23 decretos legislativos mediante la<\/span> Ley 30073. <span style=\"font-weight: 400;\">Las dos leyes forman la base de la reforma de salud que buscaba el fortalecimiento de la rector\u00eda y gobernanza del sistema de salud, la protecci\u00f3n de la salud individual, la protecci\u00f3n de la salud colectiva, y la protecci\u00f3n de los derechos en salud<\/span>.<sup><a href=\"#2\">[2]<\/a><\/sup><\/p>\n<p>[\/et_pb_text][et_pb_text admin_label=&#8221;References&#8221; _builder_version=&#8221;4.21.0&#8243; _module_preset=&#8221;default&#8221; text_font_size=&#8221;13px&#8221; global_colors_info=&#8221;{}&#8221;]<strong>Referencias<\/strong><\/p>\n<p><span style=\"font-weight: 400;\">[<span id=\"1\">1]<\/span> Mezones-Holgu\u00edn, Edward, Amaya, Elard, Bellido-Boza, Luciana, Mougenot, Benoit, Murillo, Juan P, Villegas-Ortega, Jos\u00e9, &amp; Del Carmen Sara, Jos\u00e9 Carlos. (2019). <a href=\"https:\/\/dx.doi.org\/10.17843\/rpmesp.2019.362.3998\">La cobertura del seguro de salud: el caso peruano desde la Ley de Aseguramiento Universal<\/a>. Revista Peruana de Medicina Experimental y Salud P\u00fablica, 36(2), 196-206.   <\/span><\/p>\n<p><span style=\"font-weight: 400;\">[<span id=\"2\">2]<\/span> <a href=\"https:\/\/hia.paho.org\/es\/paises-2022\/perfil-peru\">Perfil de pa\u00eds de Per\u00fa<\/a>, OPS<\/span>[\/et_pb_text][\/et_pb_column][\/et_pb_row][\/et_pb_section]<\/p>\n","protected":false},"excerpt":{"rendered":"<p>El subsector p\u00fablico est\u00e1 a cargo de la mayor\u00eda de la poblaci\u00f3n peruana afiliada a una cobertura social del gasto en salud, con dos instituciones administradoras de fondos de aseguramiento en salud: el Seguro Integral de Salud (SIS) creado en 2002 con un r\u00e9gimen subsidiado, y el Seguro Social de Salud con un r\u00e9gimen contributivo.[1]&#8230;<\/p>\n","protected":false},"author":1,"featured_media":987573207,"template":"","meta":{"_et_pb_use_builder":"on","_et_pb_old_content":"","_et_gb_content_width":""},"acf":[],"_links":{"self":[{"href":"https:\/\/p4h.world\/es\/wp-json\/wp\/v2\/country\/987629554"}],"collection":[{"href":"https:\/\/p4h.world\/es\/wp-json\/wp\/v2\/country"}],"about":[{"href":"https:\/\/p4h.world\/es\/wp-json\/wp\/v2\/types\/country"}],"author":[{"embeddable":true,"href":"https:\/\/p4h.world\/es\/wp-json\/wp\/v2\/users\/1"}],"version-history":[{"count":20,"href":"https:\/\/p4h.world\/es\/wp-json\/wp\/v2\/country\/987629554\/revisions"}],"predecessor-version":[{"id":987777332,"href":"https:\/\/p4h.world\/es\/wp-json\/wp\/v2\/country\/987629554\/revisions\/987777332"}],"wp:featuredmedia":[{"embeddable":true,"href":"https:\/\/p4h.world\/es\/wp-json\/wp\/v2\/media\/987573207"}],"wp:attachment":[{"href":"https:\/\/p4h.world\/es\/wp-json\/wp\/v2\/media?parent=987629554"}],"curies":[{"name":"wp","href":"https:\/\/api.w.org\/{rel}","templated":true}]}}

Perú

<p>[et_pb_section fb_built=&#8221;1&#8243; admin_label=&#8221;!! PLEASE DO NOT EDIT !!!&#8221; _builder_version=&#8221;4.19.5&#8243; _module_preset=&#8221;default&#8221; global_colors_info=&#8221;{}&#8221;][et_pb_row use_custom_gutter=&#8221;on&#8221; gutter_width=&#8221;1&#8243; admin_label=&#8221;¡¡¡¡!!!! ¡¡¡¡POR FAVOR, NO EDITES !!!!&#8221; _builder_version=&#8221;4.20.4&#8243; _module_preset=&#8221;default&#8221; global_colors_info=&#8221;{}&#8221;][et_pb_column type=&#8221;4_4&#8243; _builder_version=&#8221;4.19.5&#8243; _module_preset=&#8221;default&#8221; global_colors_info=&#8221;{}&#8221;][et_pb_text admin_label=&#8221;TEXT &#8211; BLOCK 1&#8243; _builder_version=&#8221;4.21.0&#8243; _module_preset=&#8221;default&#8221; custom_padding=&#8221;||1em||false|false&#8221; hover_enabled=&#8221;0&#8243; global_colors_info=&#8221;{}&#8221; sticky_enabled=&#8221;0&#8243;]</p>
<p><span style="font-weight: 400;">El subsector público está a cargo de la mayoría de la población peruana afiliada a una cobertura social del gasto en salud, con dos instituciones administradoras de fondos de aseguramiento en salud:</span> el Seguro Integral de Salud (SIS) creado en 2002 con un régimen subsidiado, y el Seguro Social de Salud con un régimen contributivo.<sup><a href="#1">[1]</a></sup> <span style="font-weight: 400;">El Gobierno ofrece servicios de salud a la población no asegurada a cambio del pago de una cuota de recuperación de montos variables, a través del SIS que subsidia la provisión de servicios a la población en situación de pobreza. </span></p>
<p>[/et_pb_text][et_pb_text admin_label=&#8221;TEXT &#8211; BLOCK 2&#8243; _builder_version=&#8221;4.21.0&#8243; _module_preset=&#8221;default&#8221; hover_enabled=&#8221;0&#8243; global_colors_info=&#8221;{}&#8221; sticky_enabled=&#8221;0&#8243;]</p>
<p><span style="font-weight: 400;">La prestación de servicios, tanto para el régimen subsidiado de población abierta como para la población afiliada al SIS, se realiza mediante la red de establecimientos de los Gobiernos regionales y del Ministerio de Salud</span><span style="font-weight: 400;">. </span><span style="font-weight: 400;">El gasto total en salud para 2019 fue de $US 13.083 millones. El Perú aún está por debajo de los estándares de la OMS ya que su gasto público en salud para 2019 era igual a 3.3% del producto bruto interno (menor al 6% recomendado) y el gasto de bolsillo representaba el 28.1% del gasto total en salud</span><span style="font-weight: 400;"> (superior al rango del 15 a 20% sugerido).  </span><span style="font-weight: 400;"> </span></p>
<p>[/et_pb_text][ba_gradient_heading title=&#8221;Avanzar hacia el acceso sanitario universal&#8221; html_tag=&#8221;h3&#8243; primary_color=&#8221;#455A64&#8243; secondary_color=&#8221;#455A64&#8243; admin_label=&#8221;HEADING (50-60 characters)&#8221; _builder_version=&#8221;4.21.0&#8243; _module_preset=&#8221;default&#8221; title_font=&#8221;||||||||&#8221; title_font_size=&#8221;24px&#8221; title_line_height=&#8221;1em&#8221; custom_padding=&#8221;15px||10px||false|false&#8221; global_colors_info=&#8221;{}&#8221;][/ba_gradient_heading][et_pb_text admin_label=&#8221;TEXT &#8211; BLOCK 3&#8243; _builder_version=&#8221;4.21.0&#8243; _module_preset=&#8221;default&#8221; custom_padding=&#8221;||1em||false|false&#8221; hover_enabled=&#8221;0&#8243; global_colors_info=&#8221;{}&#8221; sticky_enabled=&#8221;0&#8243;]</p>
<p><span style="font-weight: 400;">La decisión política de avanzar hacia el aseguramiento universal comenzó en 2002 cuando representantes de organizaciones políticas, religiosas, de la sociedad civil y del Gobierno firman un acuerdo nacional. En 2005 se firmó el Acuerdo de Partidos Políticos en Salud, y en 2007 el Plan Nacional Concertado de Salud del Ministerio de Salud. En 2008 se constituyó́ la Comisión Multisectorial con el objeto de proponer los mecanismos necesarios para consolidar un sistema nacional de salud y garantizar el aseguramiento universal. Esta comisión elaboró un proyecto que luego de diversos debates se convirtió en ley</span>.<sup><a href="#1">[1]</a></sup> <span style="font-weight: 400;">El año 2009 se promulga la</span> Ley Marco del Aseguramiento Universal en Salud; y en 2013, <span style="font-weight: 400;">se aprueban 23 decretos legislativos mediante la</span> Ley 30073. <span style="font-weight: 400;">Las dos leyes forman la base de la reforma de salud que buscaba el fortalecimiento de la rectoría y gobernanza del sistema de salud, la protección de la salud individual, la protección de la salud colectiva, y la protección de los derechos en salud</span>.<sup><a href="#2">[2]</a></sup></p>
<p>[/et_pb_text][et_pb_text admin_label=&#8221;References&#8221; _builder_version=&#8221;4.21.0&#8243; _module_preset=&#8221;default&#8221; text_font_size=&#8221;13px&#8221; global_colors_info=&#8221;{}&#8221;]<strong>Referencias</strong></p>
<p><span style="font-weight: 400;">[<span id="1">1]</span> Mezones-Holguín, Edward, Amaya, Elard, Bellido-Boza, Luciana, Mougenot, Benoit, Murillo, Juan P, Villegas-Ortega, José, &amp; Del Carmen Sara, José Carlos. (2019). <a href="https://dx.doi.org/10.17843/rpmesp.2019.362.3998">La cobertura del seguro de salud: el caso peruano desde la Ley de Aseguramiento Universal</a>. Revista Peruana de Medicina Experimental y Salud Pública, 36(2), 196-206.   </span></p>
<p><span style="font-weight: 400;">[<span id="2">2]</span> <a href="https://hia.paho.org/es/paises-2022/perfil-peru">Perfil de país de Perú</a>, OPS</span>[/et_pb_text][/et_pb_column][/et_pb_row][/et_pb_section]</p>

<p>El subsector público está a cargo de la mayoría de la población peruana afiliada a una cobertura social del gasto en salud, con dos instituciones administradoras de fondos de aseguramiento en salud: el Seguro Integral de Salud (SIS) creado en 2002 con un régimen subsidiado, y el Seguro Social de Salud con un régimen contributivo.[1]&#8230;</p>
