{"id":987631499,"date":"2023-02-03T08:18:37","date_gmt":"2023-02-03T07:18:37","guid":{"rendered":"https:\/\/p4h.world\/countries\/costa-de-marfil\/"},"modified":"2025-07-21T11:30:14","modified_gmt":"2025-07-21T10:30:14","slug":"costa-de-marfil","status":"publish","type":"country","link":"https:\/\/p4h.world\/es\/countries\/costa-de-marfil\/","title":{"rendered":"Costa de Marfil"},"content":{"rendered":"<p>[et_pb_section fb_built=&#8221;1&#8243; admin_label=&#8221;!! PLEASE DO NOT EDIT !!!&#8221; _builder_version=&#8221;4.19.5&#8243; _module_preset=&#8221;default&#8221; global_colors_info=&#8221;{}&#8221;][et_pb_row use_custom_gutter=&#8221;on&#8221; gutter_width=&#8221;1&#8243; admin_label=&#8221;\u00a1\u00a1\u00a1!!! \u00a1\u00a1\u00a1POR FAVOR NO EDITAR !!! &#8221; _builder_version=&#8221;4.20.4&#8243; _module_preset=&#8221;default&#8221; global_colors_info=&#8221;{}&#8221;][et_pb_column type=&#8221;4_4&#8243; _builder_version=&#8221;4.19.5&#8243; _module_preset=&#8221;default&#8221; global_colors_info=&#8221;{}&#8221;][et_pb_text admin_label=&#8221;TEXT &#8211; BLOCK 1&#8243; _builder_version=&#8221;4.21.0&#8243; _module_preset=&#8221;default&#8221; custom_padding=&#8221;||1em||false|false&#8221; global_colors_info=&#8221;{}&#8221;]<\/p>\n<p><span style=\"font-weight: 400;\">La cobertura sanitaria universal (CSU) figura en la agenda pol\u00edtica de Costa de Marfil. Es parte integrante de las ambiciones econ\u00f3micas y sociales del pa\u00eds. Los objetivos de garantizar que todos los ciudadanos de Costa de Marfil tengan acceso a una atenci\u00f3n de calidad y asequible, y de construir un sistema sanitario eficiente y equitativo, han sido siempre una de las principales preocupaciones del gobierno. Tras muchas iniciativas, en 2014 se produjo un gran avance pol\u00edtico y social con la aprobaci\u00f3n de la ley que establece la CSU en Costa de Marfil.  <\/span><\/p>\n<p>[\/et_pb_text][et_pb_text admin_label=&#8221;TEXT &#8211; BLOCK 2&#8243; _builder_version=&#8221;4.21.0&#8243; _module_preset=&#8221;default&#8221; global_colors_info=&#8221;{}&#8221;]<\/p>\n<p><span style=\"font-weight: 400;\">El avance de la cobertura sanitaria universal se beneficia ahora de un amplio marco jur\u00eddico y normativo y complementa el panorama de la cobertura de riesgos sanitarios, en el que ya existen diversos mecanismos voluntarios y obligatorios. Sin embargo, persisten muchos retos.<\/span><\/p>\n<p>[\/et_pb_text][ba_gradient_heading title=&#8221;Desaf\u00edos&#8221; html_tag=&#8221;h3&#8243; primary_color=&#8221;#455A64&#8243; secondary_color=&#8221;#455A64&#8243; admin_label=&#8221;HEADING (50-60 characters)&#8221; _builder_version=&#8221;4.21.0&#8243; _module_preset=&#8221;default&#8221; title_font=&#8221;||||||||&#8221; title_font_size=&#8221;32px&#8221; title_line_height=&#8221;1em&#8221; custom_padding=&#8221;15px||10px||false|false&#8221; global_colors_info=&#8221;{}&#8221;][\/ba_gradient_heading][et_pb_text admin_label=&#8221;TEXT &#8211; BLOCK 3&#8243; _builder_version=&#8221;4.21.0&#8243; _module_preset=&#8221;default&#8221; custom_padding=&#8221;||1em||false|false&#8221; hover_enabled=&#8221;0&#8243; global_colors_info=&#8221;{}&#8221; sticky_enabled=&#8221;0&#8243;]<\/p>\n<p><span style=\"font-weight: 400;\">Los retos para una financiaci\u00f3n sanitaria m\u00e1s sostenible y la consecuci\u00f3n de la cobertura sanitaria universal son los siguientes:<\/span><\/p>\n<ol>\n<li style=\"padding: 15px 0;\">  Mejorar la eficiencia de la financiaci\u00f3n sanitaria mediante una asignaci\u00f3n equitativa por niveles de atenci\u00f3n basada en las tasas de utilizaci\u00f3n de los servicios. Los centros sanitarios de contacto primario y los hospitales de referencia deben recibir m\u00e1s recursos econ\u00f3micos que los centros de nivel terciario.<\/li>\n<li style=\"padding-bottom: 15px;\">Eliminar los cuellos de botella en el itinerario asistencial de los usuarios y apoyar al gobierno en la aplicaci\u00f3n de reformas institucionales y normativas para mejorar la gobernanza y la sostenibilidad de la CSU.<\/li>\n<li>Institucionalizar y ampliar la contrataci\u00f3n estrat\u00e9gica a\n<ul>\n<li style=\"padding: 15px 0;\">  hospitales de nivel terciario, centr\u00e1ndose en la calidad<\/li>\n<li style=\"padding-bottom: 15px;\">direcciones centrales<\/li>\n<li style=\"padding-bottom: 15px;\">centros privados de atenci\u00f3n primaria<\/li>\n<li>personal de gesti\u00f3n de la cadena de suministro farmac\u00e9utica<\/li>\n<\/ul>\n<p><span style=\"font-weight: 400;\">Hay que ser prudentes a la hora de racionalizar los procedimientos para no comprometer el funcionamiento del sistema sanitario. Tambi\u00e9n ser\u00e1 \u00fatil aprovechar las lecciones y buenas pr\u00e1cticas de las experiencias de otros pa\u00edses.  <\/span><\/p>\n<\/li>\n<li style=\"padding: 15px 0;\">Revisar la Estrategia Nacional de Financiaci\u00f3n Sanitaria para la CSU para integrar las iniciativas de armonizaci\u00f3n de la reforma en curso, as\u00ed como las actividades previstas en el marco de la Plataforma Nacional de Coordinaci\u00f3n de la Financiaci\u00f3n Sanitaria (PNCFS).<\/li>\n<li>Movilizar m\u00e1s recursos p\u00fablicos para la sanidad por diversos medios: diversificando las fuentes de ingresos, garantizando el cumplimiento de los compromisos adquiridos a nivel nacional e internacional sobre presupuestos para la sanidad, tomando medidas para que la presupuestaci\u00f3n por programas (tambi\u00e9n llamada presupuestaci\u00f3n por programas) para la sanidad en Armenia sea plenamente operativa. El PNCFS, creado por el primer ministro y situado bajo la vicepresidencia del ministro de Sanidad, podr\u00eda ser una excelente plataforma de di\u00e1logo entre los socios y el gobierno para una financiaci\u00f3n m\u00e1s armonizada de las prioridades sanitarias nacionales.<\/li>\n<\/ol>\n<p>[\/et_pb_text][\/et_pb_column][\/et_pb_row][\/et_pb_section]<\/p>\n","protected":false},"excerpt":{"rendered":"<p>La cobertura sanitaria universal (CSU) figura en la agenda pol\u00edtica de Costa de Marfil. Es parte integrante de las ambiciones econ\u00f3micas y sociales del pa\u00eds. Los objetivos de garantizar que todos los ciudadanos de Costa de Marfil tengan acceso a una atenci\u00f3n de calidad y asequible, y de construir un sistema sanitario eficiente y equitativo,&#8230;<\/p>\n","protected":false},"author":1,"featured_media":987536676,"template":"","meta":{"_et_pb_use_builder":"on","_et_pb_old_content":"","_et_gb_content_width":""},"acf":[],"_links":{"self":[{"href":"https:\/\/p4h.world\/es\/wp-json\/wp\/v2\/country\/987631499"}],"collection":[{"href":"https:\/\/p4h.world\/es\/wp-json\/wp\/v2\/country"}],"about":[{"href":"https:\/\/p4h.world\/es\/wp-json\/wp\/v2\/types\/country"}],"author":[{"embeddable":true,"href":"https:\/\/p4h.world\/es\/wp-json\/wp\/v2\/users\/1"}],"version-history":[{"count":13,"href":"https:\/\/p4h.world\/es\/wp-json\/wp\/v2\/country\/987631499\/revisions"}],"predecessor-version":[{"id":987777485,"href":"https:\/\/p4h.world\/es\/wp-json\/wp\/v2\/country\/987631499\/revisions\/987777485"}],"wp:featuredmedia":[{"embeddable":true,"href":"https:\/\/p4h.world\/es\/wp-json\/wp\/v2\/media\/987536676"}],"wp:attachment":[{"href":"https:\/\/p4h.world\/es\/wp-json\/wp\/v2\/media?parent=987631499"}],"curies":[{"name":"wp","href":"https:\/\/api.w.org\/{rel}","templated":true}]}}

<p>[et_pb_section fb_built=&#8221;1&#8243; admin_label=&#8221;!! PLEASE DO NOT EDIT !!!&#8221; _builder_version=&#8221;4.19.5&#8243; _module_preset=&#8221;default&#8221; global_colors_info=&#8221;{}&#8221;][et_pb_row use_custom_gutter=&#8221;on&#8221; gutter_width=&#8221;1&#8243; admin_label=&#8221;¡¡¡!!! ¡¡¡POR FAVOR NO EDITAR !!! &#8221; _builder_version=&#8221;4.20.4&#8243; _module_preset=&#8221;default&#8221; global_colors_info=&#8221;{}&#8221;][et_pb_column type=&#8221;4_4&#8243; _builder_version=&#8221;4.19.5&#8243; _module_preset=&#8221;default&#8221; global_colors_info=&#8221;{}&#8221;][et_pb_text admin_label=&#8221;TEXT &#8211; BLOCK 1&#8243; _builder_version=&#8221;4.21.0&#8243; _module_preset=&#8221;default&#8221; custom_padding=&#8221;||1em||false|false&#8221; global_colors_info=&#8221;{}&#8221;]</p>
<p><span style="font-weight: 400;">La cobertura sanitaria universal (CSU) figura en la agenda política de Costa de Marfil. Es parte integrante de las ambiciones económicas y sociales del país. Los objetivos de garantizar que todos los ciudadanos de Costa de Marfil tengan acceso a una atención de calidad y asequible, y de construir un sistema sanitario eficiente y equitativo, han sido siempre una de las principales preocupaciones del gobierno. Tras muchas iniciativas, en 2014 se produjo un gran avance político y social con la aprobación de la ley que establece la CSU en Costa de Marfil.  </span></p>
<p>[/et_pb_text][et_pb_text admin_label=&#8221;TEXT &#8211; BLOCK 2&#8243; _builder_version=&#8221;4.21.0&#8243; _module_preset=&#8221;default&#8221; global_colors_info=&#8221;{}&#8221;]</p>
<p><span style="font-weight: 400;">El avance de la cobertura sanitaria universal se beneficia ahora de un amplio marco jurídico y normativo y complementa el panorama de la cobertura de riesgos sanitarios, en el que ya existen diversos mecanismos voluntarios y obligatorios. Sin embargo, persisten muchos retos.</span></p>
<p>[/et_pb_text][ba_gradient_heading title=&#8221;Desafíos&#8221; html_tag=&#8221;h3&#8243; primary_color=&#8221;#455A64&#8243; secondary_color=&#8221;#455A64&#8243; admin_label=&#8221;HEADING (50-60 characters)&#8221; _builder_version=&#8221;4.21.0&#8243; _module_preset=&#8221;default&#8221; title_font=&#8221;||||||||&#8221; title_font_size=&#8221;32px&#8221; title_line_height=&#8221;1em&#8221; custom_padding=&#8221;15px||10px||false|false&#8221; global_colors_info=&#8221;{}&#8221;][/ba_gradient_heading][et_pb_text admin_label=&#8221;TEXT &#8211; BLOCK 3&#8243; _builder_version=&#8221;4.21.0&#8243; _module_preset=&#8221;default&#8221; custom_padding=&#8221;||1em||false|false&#8221; hover_enabled=&#8221;0&#8243; global_colors_info=&#8221;{}&#8221; sticky_enabled=&#8221;0&#8243;]</p>
<p><span style="font-weight: 400;">Los retos para una financiación sanitaria más sostenible y la consecución de la cobertura sanitaria universal son los siguientes:</span></p>
<ol>
<li style="padding: 15px 0;">  Mejorar la eficiencia de la financiación sanitaria mediante una asignación equitativa por niveles de atención basada en las tasas de utilización de los servicios. Los centros sanitarios de contacto primario y los hospitales de referencia deben recibir más recursos económicos que los centros de nivel terciario.</li>
<li style="padding-bottom: 15px;">Eliminar los cuellos de botella en el itinerario asistencial de los usuarios y apoyar al gobierno en la aplicación de reformas institucionales y normativas para mejorar la gobernanza y la sostenibilidad de la CSU.</li>
<li>Institucionalizar y ampliar la contratación estratégica a
<ul>
<li style="padding: 15px 0;">  hospitales de nivel terciario, centrándose en la calidad</li>
<li style="padding-bottom: 15px;">direcciones centrales</li>
<li style="padding-bottom: 15px;">centros privados de atención primaria</li>
<li>personal de gestión de la cadena de suministro farmacéutica</li>
</ul>
<p><span style="font-weight: 400;">Hay que ser prudentes a la hora de racionalizar los procedimientos para no comprometer el funcionamiento del sistema sanitario. También será útil aprovechar las lecciones y buenas prácticas de las experiencias de otros países.  </span></p>
</li>
<li style="padding: 15px 0;">Revisar la Estrategia Nacional de Financiación Sanitaria para la CSU para integrar las iniciativas de armonización de la reforma en curso, así como las actividades previstas en el marco de la Plataforma Nacional de Coordinación de la Financiación Sanitaria (PNCFS).</li>
<li>Movilizar más recursos públicos para la sanidad por diversos medios: diversificando las fuentes de ingresos, garantizando el cumplimiento de los compromisos adquiridos a nivel nacional e internacional sobre presupuestos para la sanidad, tomando medidas para que la presupuestación por programas (también llamada presupuestación por programas) para la sanidad en Armenia sea plenamente operativa. El PNCFS, creado por el primer ministro y situado bajo la vicepresidencia del ministro de Sanidad, podría ser una excelente plataforma de diálogo entre los socios y el gobierno para una financiación más armonizada de las prioridades sanitarias nacionales.</li>
</ol>
<p>[/et_pb_text][/et_pb_column][/et_pb_row][/et_pb_section]</p>

<p>La cobertura sanitaria universal (CSU) figura en la agenda política de Costa de Marfil. Es parte integrante de las ambiciones económicas y sociales del país. Los objetivos de garantizar que todos los ciudadanos de Costa de Marfil tengan acceso a una atención de calidad y asequible, y de construir un sistema sanitario eficiente y equitativo,&#8230;</p>
