{"id":987637953,"date":"2022-06-14T15:48:35","date_gmt":"2022-06-14T14:48:35","guid":{"rendered":"https:\/\/p4h.world\/documents\/triin-habicht_oms_politicas-de-financiacion-sanitaria-en-europa_espanol\/"},"modified":"2022-06-14T15:48:35","modified_gmt":"2022-06-14T14:48:35","slug":"triin-habicht_oms_politicas-de-financiacion-sanitaria-en-europa_espanol","status":"publish","type":"documents","link":"https:\/\/p4h.world\/es\/documents\/triin-habicht_oms_politicas-de-financiacion-sanitaria-en-europa_espanol\/","title":{"rendered":"Triin Habicht_OMS_Pol\u00edticas de financiaci\u00f3n sanitaria en Europa_Espa\u00f1ol"},"content":{"rendered":"","protected":false},"excerpt":{"rendered":"","protected":false},"author":2257,"featured_media":0,"comment_status":"closed","ping_status":"closed","template":"","meta":{"_et_pb_use_builder":"","_et_pb_old_content":"","_et_gb_content_width":""},"categories":[2413],"tags":[2435,2482,2373],"document_type":[2624],"acf":[],"_links":{"self":[{"href":"https:\/\/p4h.world\/es\/wp-json\/wp\/v2\/documents\/987637953"}],"collection":[{"href":"https:\/\/p4h.world\/es\/wp-json\/wp\/v2\/documents"}],"about":[{"href":"https:\/\/p4h.world\/es\/wp-json\/wp\/v2\/types\/documents"}],"author":[{"embeddable":true,"href":"https:\/\/p4h.world\/es\/wp-json\/wp\/v2\/users\/2257"}],"replies":[{"embeddable":true,"href":"https:\/\/p4h.world\/es\/wp-json\/wp\/v2\/comments?post=987637953"}],"version-history":[{"count":0,"href":"https:\/\/p4h.world\/es\/wp-json\/wp\/v2\/documents\/987637953\/revisions"}],"wp:attachment":[{"href":"https:\/\/p4h.world\/es\/wp-json\/wp\/v2\/media?parent=987637953"}],"wp:term":[{"taxonomy":"category","embeddable":true,"href":"https:\/\/p4h.world\/es\/wp-json\/wp\/v2\/categories?post=987637953"},{"taxonomy":"post_tag","embeddable":true,"href":"https:\/\/p4h.world\/es\/wp-json\/wp\/v2\/tags?post=987637953"},{"taxonomy":"document_type","embeddable":true,"href":"https:\/\/p4h.world\/es\/wp-json\/wp\/v2\/document_type?post=987637953"}],"curies":[{"name":"wp","href":"https:\/\/api.w.org\/{rel}","templated":true}]}}

Triin Habicht_OMS_Políticas de financiación sanitaria en Europa_Español
