{"id":987652031,"date":"2015-07-07T16:46:57","date_gmt":"2015-07-07T15:46:57","guid":{"rendered":"https:\/\/p4h.world\/documents\/plan-estrategico-nacional-de-proteccion-social-de-myanmar\/"},"modified":"2023-10-04T07:00:04","modified_gmt":"2023-10-04T06:00:04","slug":"plan-estrategico-nacional-de-proteccion-social-de-myanmar","status":"publish","type":"documents","link":"https:\/\/p4h.world\/es\/documents\/plan-estrategico-nacional-de-proteccion-social-de-myanmar\/","title":{"rendered":"Plan Estrat\u00e9gico Nacional de Protecci\u00f3n Social de Myanmar"},"content":{"rendered":"<p>[et_pb_section fb_built=&#8221;1&#8243; _builder_version=&#8221;4.16&#8243; global_colors_info=&#8221;{}&#8221;][et_pb_row _builder_version=&#8221;4.16&#8243; background_size=&#8221;initial&#8221; background_position=&#8221;top_left&#8221; background_repeat=&#8221;repeat&#8221; global_colors_info=&#8221;{}&#8221;][et_pb_column type=&#8221;4_4&#8243; _builder_version=&#8221;4.16&#8243; custom_padding=&#8221;|||&#8221; global_colors_info=&#8221;{}&#8221; custom_padding__hover=&#8221;|||&#8221;][et_pb_text _builder_version=&#8221;4.21.0&#8243; background_size=&#8221;initial&#8221; background_position=&#8221;top_left&#8221; background_repeat=&#8221;repeat&#8221; global_colors_info=&#8221;{}&#8221;]<\/p>\n<p>Este Plan Estrat\u00e9gico se desarroll\u00f3 bajo la supervisi\u00f3n de un Comit\u00e9 de Trabajo de Protecci\u00f3n Social (SPWC) que se form\u00f3 bajo la direcci\u00f3n de la Oficina del Presidente de Myanmar (Orden N \u00ba 57 \/ 2014) y que est\u00e1 presidido por el Ministro de la Uni\u00f3n para el Bienestar Social, Socorro y Reasentamiento. El Plan complementa y refuerza el programa general de reformas de Myanmar, esbozado en el Marco para las Reformas Econ\u00f3micas y Sociales (FESR) y reflejado en la Visi\u00f3n Nacional de Desarrollo Integral y el Plan Nacional de Desarrollo Integral. Este Plan Estrat\u00e9gico est\u00e1 en consonancia con las estrategias de desarrollo rural, sanidad y educaci\u00f3n de Myanmar, que persiguen enfoques integradores para aliviar la pobreza y mejorar las oportunidades, y tambi\u00e9n es plenamente coherente con los compromisos regionales y mundiales de Myanmar.<\/p>\n<p>[\/et_pb_text][\/et_pb_column][\/et_pb_row][\/et_pb_section]<\/p>\n","protected":false},"excerpt":{"rendered":"<p>Este Plan Estrat\u00e9gico se desarroll\u00f3 bajo la supervisi\u00f3n de un Comit\u00e9 de Trabajo de Protecci\u00f3n Social (SPWC) que se form\u00f3 bajo la direcci\u00f3n de la Oficina del Presidente de Myanmar (Orden N \u00ba 57 \/ 2014) y que est\u00e1 presidido por el Ministro de la Uni\u00f3n para el Bienestar Social, Socorro y Reasentamiento. El Plan&#8230;<\/p>\n","protected":false},"author":2098,"featured_media":0,"comment_status":"closed","ping_status":"closed","template":"","meta":{"_et_pb_use_builder":"on","_et_pb_old_content":"","_et_gb_content_width":""},"categories":[],"tags":[3032],"document_type":[2624],"acf":[],"_links":{"self":[{"href":"https:\/\/p4h.world\/es\/wp-json\/wp\/v2\/documents\/987652031"}],"collection":[{"href":"https:\/\/p4h.world\/es\/wp-json\/wp\/v2\/documents"}],"about":[{"href":"https:\/\/p4h.world\/es\/wp-json\/wp\/v2\/types\/documents"}],"author":[{"embeddable":true,"href":"https:\/\/p4h.world\/es\/wp-json\/wp\/v2\/users\/2098"}],"replies":[{"embeddable":true,"href":"https:\/\/p4h.world\/es\/wp-json\/wp\/v2\/comments?post=987652031"}],"version-history":[{"count":2,"href":"https:\/\/p4h.world\/es\/wp-json\/wp\/v2\/documents\/987652031\/revisions"}],"predecessor-version":[{"id":987652037,"href":"https:\/\/p4h.world\/es\/wp-json\/wp\/v2\/documents\/987652031\/revisions\/987652037"}],"wp:attachment":[{"href":"https:\/\/p4h.world\/es\/wp-json\/wp\/v2\/media?parent=987652031"}],"wp:term":[{"taxonomy":"category","embeddable":true,"href":"https:\/\/p4h.world\/es\/wp-json\/wp\/v2\/categories?post=987652031"},{"taxonomy":"post_tag","embeddable":true,"href":"https:\/\/p4h.world\/es\/wp-json\/wp\/v2\/tags?post=987652031"},{"taxonomy":"document_type","embeddable":true,"href":"https:\/\/p4h.world\/es\/wp-json\/wp\/v2\/document_type?post=987652031"}],"curies":[{"name":"wp","href":"https:\/\/api.w.org\/{rel}","templated":true}]}}

Plan Estratégico Nacional de Protección Social de Myanmar

<p>[et_pb_section fb_built=&#8221;1&#8243; _builder_version=&#8221;4.16&#8243; global_colors_info=&#8221;{}&#8221;][et_pb_row _builder_version=&#8221;4.16&#8243; background_size=&#8221;initial&#8221; background_position=&#8221;top_left&#8221; background_repeat=&#8221;repeat&#8221; global_colors_info=&#8221;{}&#8221;][et_pb_column type=&#8221;4_4&#8243; _builder_version=&#8221;4.16&#8243; custom_padding=&#8221;|||&#8221; global_colors_info=&#8221;{}&#8221; custom_padding__hover=&#8221;|||&#8221;][et_pb_text _builder_version=&#8221;4.21.0&#8243; background_size=&#8221;initial&#8221; background_position=&#8221;top_left&#8221; background_repeat=&#8221;repeat&#8221; global_colors_info=&#8221;{}&#8221;]</p>
<p>Este Plan Estratégico se desarrolló bajo la supervisión de un Comité de Trabajo de Protección Social (SPWC) que se formó bajo la dirección de la Oficina del Presidente de Myanmar (Orden N º 57 / 2014) y que está presidido por el Ministro de la Unión para el Bienestar Social, Socorro y Reasentamiento. El Plan complementa y refuerza el programa general de reformas de Myanmar, esbozado en el Marco para las Reformas Económicas y Sociales (FESR) y reflejado en la Visión Nacional de Desarrollo Integral y el Plan Nacional de Desarrollo Integral. Este Plan Estratégico está en consonancia con las estrategias de desarrollo rural, sanidad y educación de Myanmar, que persiguen enfoques integradores para aliviar la pobreza y mejorar las oportunidades, y también es plenamente coherente con los compromisos regionales y mundiales de Myanmar.</p>
<p>[/et_pb_text][/et_pb_column][/et_pb_row][/et_pb_section]</p>

<p>Este Plan Estratégico se desarrolló bajo la supervisión de un Comité de Trabajo de Protección Social (SPWC) que se formó bajo la dirección de la Oficina del Presidente de Myanmar (Orden N º 57 / 2014) y que está presidido por el Ministro de la Unión para el Bienestar Social, Socorro y Reasentamiento. El Plan&#8230;</p>
