{"id":987676379,"date":"2024-02-06T19:58:36","date_gmt":"2024-02-06T18:58:36","guid":{"rendered":"https:\/\/p4h.world\/?post_type=documents&#038;p=987676379"},"modified":"2024-02-06T19:58:50","modified_gmt":"2024-02-06T18:58:50","slug":"estudio-de-la-creacion-de-un-fondo-comun-virtual-para-la-gratuidad","status":"publish","type":"documents","link":"https:\/\/p4h.world\/es\/documents\/estudio-de-la-creacion-de-un-fondo-comun-virtual-para-la-gratuidad\/","title":{"rendered":"Estudio de la creaci\u00f3n de un Fondo Com\u00fan Virtual para la gratuidad"},"content":{"rendered":"<p>[et_pb_section fb_built=&#8221;1&#8243; admin_label=&#8221;!!! PLEASE DO NOT EDIT !!!&#8221; _builder_version=&#8221;4.16&#8243; global_colors_info=&#8221;{}&#8221;][et_pb_row admin_label=&#8221;! !! \u00a1\u00a1\u00a1NO MODIFICAR !!!&#8221; _builder_version=&#8221;4.16&#8243; background_size=&#8221;initial&#8221; background_position=&#8221;top_left&#8221; background_repeat=&#8221;repeat&#8221; global_colors_info=&#8221;{}&#8221;][et_pb_column type=&#8221;4_4&#8243; _builder_version=&#8221;4.16&#8243; custom_padding=&#8221;|||&#8221; global_colors_info=&#8221;{}&#8221; custom_padding__hover=&#8221;|||&#8221;][et_pb_text admin_label=&#8221;TO BE EDITED &#8211; SUMMARY &#8211; Click on the WHEEL icon to open the textarea where you can paste or type your text. Summary condenses the main point of the document. It must be in bold, 250-300 characters \/ 3-4 lines. The counter at the bottom helps.&#8221; _builder_version=&#8221;4.21.0&#8243; _module_preset=&#8221;default&#8221; custom_padding=&#8221;||20px||false|false&#8221; global_colors_info=&#8221;{}&#8221;]<\/p>\n<p><strong>El Instituto Nacional de Asistencia M\u00e9dica ha organizado una jornada de reflexi\u00f3n con vistas a la creaci\u00f3n de un Fondo Com\u00fan Virtual para la asistencia sanitaria gratuita el 15 de abril de 2023. El objetivo es iniciar una movilizaci\u00f3n para definir las bases t\u00e9cnicas y administrativas de una FCV, que vincule al INAM y a los PTF, para que la asistencia sanitaria gratuita sea efectiva en N\u00edger.<\/strong><\/p>\n<p>[\/et_pb_text][et_pb_text admin_label=&#8221;TO BE EDITED &#8211; TEXT &#8211; Click on the WHEEL icon to open the textarea where you can paste or type your text. PLEASE USE ONLY THE FEATURED IMAGE FUNCTION on your right column to add the image.&#8221; _builder_version=&#8221;4.21.0&#8243; _module_preset=&#8221;default&#8221; global_colors_info=&#8221;{}&#8221;][\/et_pb_text][\/et_pb_column][\/et_pb_row][\/et_pb_section]<\/p>\n","protected":false},"excerpt":{"rendered":"<p>El Instituto Nacional de Asistencia M\u00e9dica ha organizado una jornada de reflexi\u00f3n con vistas a la creaci\u00f3n de un Fondo Com\u00fan Virtual para la asistencia sanitaria gratuita el 15 de abril de 2023. El objetivo es iniciar una movilizaci\u00f3n para definir las bases t\u00e9cnicas y administrativas de una FCV, que vincule al INAM y a&#8230;<\/p>\n","protected":false},"author":1633,"featured_media":0,"comment_status":"closed","ping_status":"closed","template":"","meta":{"_et_pb_use_builder":"on","_et_pb_old_content":"","_et_gb_content_width":""},"categories":[],"tags":[2482,2455],"document_type":[2777],"acf":[],"_links":{"self":[{"href":"https:\/\/p4h.world\/es\/wp-json\/wp\/v2\/documents\/987676379"}],"collection":[{"href":"https:\/\/p4h.world\/es\/wp-json\/wp\/v2\/documents"}],"about":[{"href":"https:\/\/p4h.world\/es\/wp-json\/wp\/v2\/types\/documents"}],"author":[{"embeddable":true,"href":"https:\/\/p4h.world\/es\/wp-json\/wp\/v2\/users\/1633"}],"replies":[{"embeddable":true,"href":"https:\/\/p4h.world\/es\/wp-json\/wp\/v2\/comments?post=987676379"}],"version-history":[{"count":4,"href":"https:\/\/p4h.world\/es\/wp-json\/wp\/v2\/documents\/987676379\/revisions"}],"predecessor-version":[{"id":987676386,"href":"https:\/\/p4h.world\/es\/wp-json\/wp\/v2\/documents\/987676379\/revisions\/987676386"}],"wp:attachment":[{"href":"https:\/\/p4h.world\/es\/wp-json\/wp\/v2\/media?parent=987676379"}],"wp:term":[{"taxonomy":"category","embeddable":true,"href":"https:\/\/p4h.world\/es\/wp-json\/wp\/v2\/categories?post=987676379"},{"taxonomy":"post_tag","embeddable":true,"href":"https:\/\/p4h.world\/es\/wp-json\/wp\/v2\/tags?post=987676379"},{"taxonomy":"document_type","embeddable":true,"href":"https:\/\/p4h.world\/es\/wp-json\/wp\/v2\/document_type?post=987676379"}],"curies":[{"name":"wp","href":"https:\/\/api.w.org\/{rel}","templated":true}]}}

Estudio de la creación de un Fondo Común Virtual para la gratuidad

<p>[et_pb_section fb_built=&#8221;1&#8243; admin_label=&#8221;!!! PLEASE DO NOT EDIT !!!&#8221; _builder_version=&#8221;4.16&#8243; global_colors_info=&#8221;{}&#8221;][et_pb_row admin_label=&#8221;! !! ¡¡¡NO MODIFICAR !!!&#8221; _builder_version=&#8221;4.16&#8243; background_size=&#8221;initial&#8221; background_position=&#8221;top_left&#8221; background_repeat=&#8221;repeat&#8221; global_colors_info=&#8221;{}&#8221;][et_pb_column type=&#8221;4_4&#8243; _builder_version=&#8221;4.16&#8243; custom_padding=&#8221;|||&#8221; global_colors_info=&#8221;{}&#8221; custom_padding__hover=&#8221;|||&#8221;][et_pb_text admin_label=&#8221;TO BE EDITED &#8211; SUMMARY &#8211; Click on the WHEEL icon to open the textarea where you can paste or type your text. Summary condenses the main point of the document. It must be in bold, 250-300 characters / 3-4 lines. The counter at the bottom helps.&#8221; _builder_version=&#8221;4.21.0&#8243; _module_preset=&#8221;default&#8221; custom_padding=&#8221;||20px||false|false&#8221; global_colors_info=&#8221;{}&#8221;]</p>
<p><strong>El Instituto Nacional de Asistencia Médica ha organizado una jornada de reflexión con vistas a la creación de un Fondo Común Virtual para la asistencia sanitaria gratuita el 15 de abril de 2023. El objetivo es iniciar una movilización para definir las bases técnicas y administrativas de una FCV, que vincule al INAM y a los PTF, para que la asistencia sanitaria gratuita sea efectiva en Níger.</strong></p>
<p>[/et_pb_text][et_pb_text admin_label=&#8221;TO BE EDITED &#8211; TEXT &#8211; Click on the WHEEL icon to open the textarea where you can paste or type your text. PLEASE USE ONLY THE FEATURED IMAGE FUNCTION on your right column to add the image.&#8221; _builder_version=&#8221;4.21.0&#8243; _module_preset=&#8221;default&#8221; global_colors_info=&#8221;{}&#8221;][/et_pb_text][/et_pb_column][/et_pb_row][/et_pb_section]</p>

<p>El Instituto Nacional de Asistencia Médica ha organizado una jornada de reflexión con vistas a la creación de un Fondo Común Virtual para la asistencia sanitaria gratuita el 15 de abril de 2023. El objetivo es iniciar una movilización para definir las bases técnicas y administrativas de una FCV, que vincule al INAM y a&#8230;</p>
