{"version":"1.0","provider_name":"P4H Network","provider_url":"https:\/\/p4h.world\/fr\/","title":"\u00c9lection pr\u00e9sidentielle au Burkina Faso - 2020 - P4H Network","type":"rich","width":600,"height":338,"html":"<blockquote class=\"wp-embedded-content\" data-secret=\"2IhtYOjeu4\"><a href=\"https:\/\/p4h.world\/fr\/news\/election-presidentielle-au-burkina-faso-2020\/\">\u00c9lection pr\u00e9sidentielle au Burkina Faso &#8211; 2020<\/a><\/blockquote><iframe sandbox=\"allow-scripts\" security=\"restricted\" src=\"https:\/\/p4h.world\/fr\/news\/election-presidentielle-au-burkina-faso-2020\/embed\/#?secret=2IhtYOjeu4\" width=\"600\" height=\"338\" title=\"&#8220;\u00c9lection pr\u00e9sidentielle au Burkina Faso &#8211; 2020&#8221; &#8212; P4H Network\" data-secret=\"2IhtYOjeu4\" frameborder=\"0\" marginwidth=\"0\" marginheight=\"0\" scrolling=\"no\" class=\"wp-embedded-content\"><\/iframe><script type=\"text\/javascript\">\n\/*! This file is auto-generated *\/\n!function(c,d){\"use strict\";var e=!1,o=!1;if(d.querySelector)if(c.addEventListener)e=!0;if(c.wp=c.wp||{},c.wp.receiveEmbedMessage);else if(c.wp.receiveEmbedMessage=function(e){var t=e.data;if(!t);else if(!(t.secret||t.message||t.value));else if(\/[^a-zA-Z0-9]\/.test(t.secret));else{for(var r,s,a,i=d.querySelectorAll('iframe[data-secret=\"'+t.secret+'\"]'),n=d.querySelectorAll('blockquote[data-secret=\"'+t.secret+'\"]'),o=new RegExp(\"^https?:$\",\"i\"),l=0;l<n.length;l++)n[l].style.display=\"none\";for(l=0;l<i.length;l++)if(r=i[l],e.source!==r.contentWindow);else{if(r.removeAttribute(\"style\"),\"height\"===t.message){if(1e3<(s=parseInt(t.value,10)))s=1e3;else if(~~s<200)s=200;r.height=s}if(\"link\"===t.message)if(s=d.createElement(\"a\"),a=d.createElement(\"a\"),s.href=r.getAttribute(\"src\"),a.href=t.value,!o.test(a.protocol));else if(a.host===s.host)if(d.activeElement===r)c.top.location.href=t.value}}},e)c.addEventListener(\"message\",c.wp.receiveEmbedMessage,!1),d.addEventListener(\"DOMContentLoaded\",t,!1),c.addEventListener(\"load\",t,!1);function t(){if(o);else{o=!0;for(var e,t,r,s=-1!==navigator.appVersion.indexOf(\"MSIE 10\"),a=!!navigator.userAgent.match(\/Trident.*rv:11\\.\/),i=d.querySelectorAll(\"iframe.wp-embedded-content\"),n=0;n<i.length;n++){if(!(r=(t=i[n]).getAttribute(\"data-secret\")))r=Math.random().toString(36).substr(2,10),t.src+=\"#?secret=\"+r,t.setAttribute(\"data-secret\",r);if(s||a)(e=t.cloneNode(!0)).removeAttribute(\"security\"),t.parentNode.replaceChild(e,t);t.contentWindow.postMessage({message:\"ready\",secret:r},\"*\")}}}}(window,document);\n<\/script>\n","thumbnail_url":"https:\/\/p4h.world\/app\/uploads\/2020\/09\/Elections-2020-Reduire-les-inegalites.jpeg","thumbnail_width":700,"thumbnail_height":341,"description":"\u00c9lection pr\u00e9sidentielle 2020: Neuf candidats s&#8217;engagent \u00e0 r\u00e9duire les in\u00e9galit\u00e9s au Burkina Faso Au cours d&#8217;une c\u00e9r\u00e9monie de signature organis\u00e9e ce vendredi 25 septembre 2020, neuf candidats \u00e0 l&#8217;\u00e9lection pr\u00e9sidentielle du 22 novembre prochain, se sont engag\u00e9s \u00e0 mettre en oeuvre, s&#8217;ils sont \u00e9lus, dix s\u00e9ries de recommandations pour contribuer \u00e0 la r\u00e9duction des in\u00e9galit\u00e9s..."}

Élection présidentielle au Burkina Faso - 2020 - P4H Network

<blockquote class="wp-embedded-content" data-secret="2IhtYOjeu4"><a href="https://p4h.world/fr/news/election-presidentielle-au-burkina-faso-2020/">Élection présidentielle au Burkina Faso &#8211; 2020</a></blockquote><iframe sandbox="allow-scripts" security="restricted" src="https://p4h.world/fr/news/election-presidentielle-au-burkina-faso-2020/embed/#?secret=2IhtYOjeu4" width="600" height="338" title="&#8220;Élection présidentielle au Burkina Faso &#8211; 2020&#8221; &#8212; P4H Network" data-secret="2IhtYOjeu4" frameborder="0" marginwidth="0" marginheight="0" scrolling="no" class="wp-embedded-content"></iframe><script type="text/javascript">
/*! This file is auto-generated */
!function(c,d){"use strict";var e=!1,o=!1;if(d.querySelector)if(c.addEventListener)e=!0;if(c.wp=c.wp||{},c.wp.receiveEmbedMessage);else if(c.wp.receiveEmbedMessage=function(e){var t=e.data;if(!t);else if(!(t.secret||t.message||t.value));else if(/[^a-zA-Z0-9]/.test(t.secret));else{for(var r,s,a,i=d.querySelectorAll('iframe[data-secret="'+t.secret+'"]'),n=d.querySelectorAll('blockquote[data-secret="'+t.secret+'"]'),o=new RegExp("^https?:$","i"),l=0;l<n.length;l++)n[l].style.display="none";for(l=0;l<i.length;l++)if(r=i[l],e.source!==r.contentWindow);else{if(r.removeAttribute("style"),"height"===t.message){if(1e3<(s=parseInt(t.value,10)))s=1e3;else if(~~s<200)s=200;r.height=s}if("link"===t.message)if(s=d.createElement("a"),a=d.createElement("a"),s.href=r.getAttribute("src"),a.href=t.value,!o.test(a.protocol));else if(a.host===s.host)if(d.activeElement===r)c.top.location.href=t.value}}},e)c.addEventListener("message",c.wp.receiveEmbedMessage,!1),d.addEventListener("DOMContentLoaded",t,!1),c.addEventListener("load",t,!1);function t(){if(o);else{o=!0;for(var e,t,r,s=-1!==navigator.appVersion.indexOf("MSIE 10"),a=!!navigator.userAgent.match(/Trident.*rv:11\./),i=d.querySelectorAll("iframe.wp-embedded-content"),n=0;n<i.length;n++){if(!(r=(t=i[n]).getAttribute("data-secret")))r=Math.random().toString(36).substr(2,10),t.src+="#?secret="+r,t.setAttribute("data-secret",r);if(s||a)(e=t.cloneNode(!0)).removeAttribute("security"),t.parentNode.replaceChild(e,t);t.contentWindow.postMessage({message:"ready",secret:r},"*")}}}}(window,document);
</script>

Élection présidentielle 2020: Neuf candidats s&#8217;engagent à réduire les inégalités au Burkina Faso Au cours d&#8217;une cérémonie de signature organisée ce vendredi 25 septembre 2020, neuf candidats à l&#8217;élection présidentielle du 22 novembre prochain, se sont engagés à mettre en oeuvre, s&#8217;ils sont élus, dix séries de recommandations pour contribuer à la réduction des inégalités...
