{"version":"1.0","provider_name":"P4H Network","provider_url":"https:\/\/p4h.world\/fr\/","title":"Semaine de la protection sociale en Zambie - P4H Network","type":"rich","width":600,"height":338,"html":"<blockquote class=\"wp-embedded-content\" data-secret=\"BS6hawIbrP\"><a href=\"https:\/\/p4h.world\/fr\/news\/semaine-de-la-protection-sociale-en-zambie\/\">Semaine de la protection sociale en Zambie<\/a><\/blockquote><iframe sandbox=\"allow-scripts\" security=\"restricted\" src=\"https:\/\/p4h.world\/fr\/news\/semaine-de-la-protection-sociale-en-zambie\/embed\/#?secret=BS6hawIbrP\" width=\"600\" height=\"338\" title=\"&#8220;Semaine de la protection sociale en Zambie&#8221; &#8212; P4H Network\" data-secret=\"BS6hawIbrP\" frameborder=\"0\" marginwidth=\"0\" marginheight=\"0\" scrolling=\"no\" class=\"wp-embedded-content\"><\/iframe><script type=\"text\/javascript\">\n\/*! This file is auto-generated *\/\n!function(c,d){\"use strict\";var e=!1,o=!1;if(d.querySelector)if(c.addEventListener)e=!0;if(c.wp=c.wp||{},c.wp.receiveEmbedMessage);else if(c.wp.receiveEmbedMessage=function(e){var t=e.data;if(!t);else if(!(t.secret||t.message||t.value));else if(\/[^a-zA-Z0-9]\/.test(t.secret));else{for(var r,s,a,i=d.querySelectorAll('iframe[data-secret=\"'+t.secret+'\"]'),n=d.querySelectorAll('blockquote[data-secret=\"'+t.secret+'\"]'),o=new RegExp(\"^https?:$\",\"i\"),l=0;l<n.length;l++)n[l].style.display=\"none\";for(l=0;l<i.length;l++)if(r=i[l],e.source!==r.contentWindow);else{if(r.removeAttribute(\"style\"),\"height\"===t.message){if(1e3<(s=parseInt(t.value,10)))s=1e3;else if(~~s<200)s=200;r.height=s}if(\"link\"===t.message)if(s=d.createElement(\"a\"),a=d.createElement(\"a\"),s.href=r.getAttribute(\"src\"),a.href=t.value,!o.test(a.protocol));else if(a.host===s.host)if(d.activeElement===r)c.top.location.href=t.value}}},e)c.addEventListener(\"message\",c.wp.receiveEmbedMessage,!1),d.addEventListener(\"DOMContentLoaded\",t,!1),c.addEventListener(\"load\",t,!1);function t(){if(o);else{o=!0;for(var e,t,r,s=-1!==navigator.appVersion.indexOf(\"MSIE 10\"),a=!!navigator.userAgent.match(\/Trident.*rv:11\\.\/),i=d.querySelectorAll(\"iframe.wp-embedded-content\"),n=0;n<i.length;n++){if(!(r=(t=i[n]).getAttribute(\"data-secret\")))r=Math.random().toString(36).substr(2,10),t.src+=\"#?secret=\"+r,t.setAttribute(\"data-secret\",r);if(s||a)(e=t.cloneNode(!0)).removeAttribute(\"security\"),t.parentNode.replaceChild(e,t);t.contentWindow.postMessage({message:\"ready\",secret:r},\"*\")}}}}(window,document);\n<\/script>\n","description":"(Mise \u00e0 jour 1 juin 2016) : SP_Week_SHI_session_summary_final &#8212;&#8212;&#8212;&#8211; La premi\u00e8re semaine nationale de la protection sociale s&#8217;est d\u00e9roul\u00e9e du 16 au 20 mai 2016. La semaine de la protection sociale comprend une s\u00e9rie de sessions visant \u00e0 partager des informations et \u00e0 engager les citoyens dans un d\u00e9bat public sur l&#8217;\u00e9tat de la protection...","thumbnail_url":"https:\/\/p4h.world\/app\/uploads\/2025\/09\/p4h_social-pic.png","thumbnail_width":1200,"thumbnail_height":630}

(Mise à jour 1 juin 2016) : SP_Week_SHI_session_summary_final &#8212;&#8212;&#8212;&#8211; La première semaine nationale de la protection sociale s&#8217;est déroulée du 16 au 20 mai 2016. La semaine de la protection sociale comprend une série de sessions visant à partager des informations et à engager les citoyens dans un débat public sur l&#8217;état de la protection...
